6 - (4 - 3)/(-1). Is (-3312)/l - (-4)/10 a prime number?
False
Suppose -5*c + 2707 = -i, -2*c + 1619 = c + 2*i. Is c a composite number?
False
Is (-2)/(-9) - (-9783)/81 composite?
True
Suppose 32 = 4*p - 380. Is p a composite number?
False
Let k(g) = 31*g**2 + 18*g - 3. Is k(-8) composite?
True
Let n be (-688)/6*(-36)/(-16). Let s = -125 - n. Is s a composite number?
True
Let g(w) = 6*w**2 + 4*w + 2. Let x be g(-2). Let n be 2/(-12) - (-147)/x. Is n - (-1)/((-3)/(-6)) prime?
False
Suppose -1050 = -2*f + 2*l, 5*l = f + f - 1038. Is f prime?
False
Let b = -7879 - -12150. Is b prime?
True
Let p(k) = 24*k**2 + 6*k + 14. Let w(n) = -n**2 + n + 1. Let i(t) = -p(t) - 3*w(t). Let x(m) = 11*m**2 + 4*m + 8. Let a(f) = 6*i(f) + 13*x(f). Is a(3) prime?
True
Let k(n) = n**2 + 22. Is k(-7) prime?
True
Suppose 1080 + 177 = 3*p. Is p a composite number?
False
Suppose 0 = -4*r - 8, 0*b + 5*b - 2*r + 176 = 0. Let g = 57 + b. Suppose 4*x = g + 55. Is x a composite number?
False
Let o(t) = t**2 + t + 503. Is o(0) a prime number?
True
Is (-1)/4 - (-6845)/4 prime?
False
Let a(g) = 166*g**2 + 3. Is a(2) prime?
False
Suppose x = -2*f + 197, 5*f + 15 = 3*x - 609. Is x a prime number?
False
Suppose j + 3*j - 836 = 0. Is j composite?
True
Suppose -3*j + 4*q + 9 = 0, -3*j - 3*q = -4 + 16. Let k be 4 + j + -1 + 2. Suppose 597 - 1762 = -5*c + 5*r, -k*r = 0. Is c a composite number?
False
Let c(u) = u**2 - 9*u + 1041. Is c(0) prime?
False
Let x(b) = -1 - 10*b**2 + 7*b - 5 + 0 + 3*b - b**3. Let p be x(-12). Is (-2 - -4) + p + -3 prime?
False
Let c(n) = 75*n - 1. Let g be c(7). Suppose -229 = -3*a + g. Is a composite?
False
Suppose 4*o + 5 = 17. Suppose -3*y - 2*z = -251, o*y + y = 3*z + 346. Is y prime?
False
Suppose -2*i - 753 = -5*i. Is i a prime number?
True
Let i(y) = y**3 - 3*y**2 - 2*y - 4. Suppose 0 = -3*o + o + 30. Let q = o + -11. Is i(q) composite?
True
Let a(g) = 9*g**2 + 2*g + 5. Is a(4) a prime number?
True
Let t be (1/(-3) - 1)*-3. Suppose 0 = -2*c + 4*j + 26, -4*j - 36 = -t*c - 0*c. Suppose -246 = -4*b + 4*l - 2*l, 4*b + c*l - 211 = 0. Is b a prime number?
True
Let r(c) = c**2 - c + 2. Let s = -13 - -10. Is r(s) composite?
True
Let l(x) = 2 + 6*x**2 + 5 - 2*x - 6. Is l(4) prime?
True
Suppose 5*g = g + 256. Let i = g - 17. Is i a prime number?
True
Let p be -15 - -3 - (-4)/2. Let y be 2 - -3 - p/(-5). Suppose -2*c + 1204 = 5*k - 5*c, -y*c + 230 = k. Is k a prime number?
True
Let n = 25 + 72. Is n a composite number?
False
Suppose 0 = 2*s + 4*x + 264, 0 = 5*s + 5*x - 4*x + 615. Let c = -37 - s. Is c composite?
True
Let l = 34 + 85. Let t(u) = 48*u + 18. Let m be t(4). Let v = m - l. Is v prime?
False
Let t(c) = -260*c - 3. Is t(-4) prime?
False
Let y(t) = -2*t + 71. Is y(0) composite?
False
Suppose 28 = 2*i - 4*v, 3*i + i = v + 56. Let m be (0 + 1)/(2/i). Let t = m - -28. Is t composite?
True
Is (369/6)/((-18)/(-24)) a composite number?
True
Suppose -w = 4*w + 20. Let i be (1/3)/(w/(-24)). Suppose i*r = -5*v - 3*r + 220, -v + r = -50. Is v composite?
False
Suppose -5*r = -3*l - 5284, 4*r + 5*l - 6657 = -2452. Is r a prime number?
False
Let w = -5 + 7. Suppose -w*m - 2*m + 12 = 0. Suppose m*u - 22 - 338 = 3*k, u = -5*k + 126. Is u a prime number?
False
Let q(x) = 3*x**2 + 4. Is q(-3) a composite number?
False
Suppose 3*d - 132 = 4*q, -51 = 5*d - 2*q - 285. Suppose 214 = 5*y + 3*o - d, y - 4*o - 57 = 0. Is y prime?
True
Suppose 310 = -0*d + 3*d + 4*a, 2 = 2*a. Let g = d + 4. Suppose -2*f - 2*i = -g, -33 = 4*f + 3*i - 245. Is f a composite number?
False
Suppose 4*f - 212 = -2*r, 4*f + 8*r - 4*r = 204. Let i be f + 1 - (-1 - -1). Suppose -2*b - 39 = -0*p - 3*p, -4*b - i = -4*p. Is p a composite number?
False
Suppose -2*w = 5*q - 61, 3*w - w - 2*q - 82 = 0. Let z(t) = -48*t - 1. Let f be z(-2). Let r = f - w. Is r composite?
True
Let q = 6 + -4. Is q/(1/((-381)/(-6))) composite?
False
Let a = 57 - 20. Is a a composite number?
False
Suppose 5*d - 15 = 0, 3*d - 40 = -m + 220. Let j = -154 + m. Is j prime?
True
Let g be 12/16*(-16)/(-6). Let n(j) = -j - j**2 + g*j**3 + j**3 - 4*j**3 + 3. Is n(-4) composite?
True
Suppose 2*f + 3*l = -1659, 0*l - 4 = -4*l. Is f/(-15) - (-4)/(-10) composite?
True
Let o(r) = 9*r**3 - 6*r**2 + 3*r + 1. Is o(4) composite?
True
Let h(p) = 10*p**2 + 6*p + 11. Is h(5) prime?
False
Let u be 5*(0 - 8/10). Let v = u - -10. Suppose 4 + v = o. Is o a composite number?
True
Let b = 2 - -3. Suppose -4*a + 819 = 5*h, -772 = -5*a + b*h + 308. Is a a prime number?
True
Let v = 16620 + -10981. Is v composite?
False
Let q(t) = -209*t. Let g be q(-4). Let z = g + -577. Is z a prime number?
False
Suppose -4*b = 107 - 343. Is b composite?
False
Let p(o) = o**2 - 7*o + 4. Let a be p(7). Suppose a*q - 73 - 27 = 0. Is q a composite number?
True
Let w(y) = y. Let o(n) = 2*n - 11. Let q(j) = o(j) - 5*w(j). Is q(-11) composite?
True
Suppose 3*p + 792 - 2379 = 0. Is p composite?
True
Let h = 299 - 193. Suppose -h = -2*m - 4*n, -2*m - 7*n = -2*n - 107. Is m prime?
False
Suppose 93 + 278 = z. Is z a composite number?
True
Let u be 0 + (-1)/(3/(-438)). Let y = u + -55. Is y a composite number?
True
Suppose 5*w - 6*w = -159. Is w composite?
True
Suppose -2*l - l - 2229 = 3*y, 0 = -3*l - 4*y - 2234. Is l/(-14) + 8/28 composite?
False
Let t(q) = q**3 - 15*q**2 + 21*q - 8. Is t(15) a composite number?
False
Suppose -20 = 5*g + s, 3*g + 12 = 6*s - s. Let q be 113/2 - 2/g. Suppose -q + 15 = -2*m. Is m composite?
True
Let b = -17 - -20. Is b a composite number?
False
Let i(q) = -37*q + 1. Let n = 0 + 1. Let r be i(n). Let f = r + 69. Is f a composite number?
True
Suppose -635 = -5*f - 4*c, 4*f + 76 - 584 = -4*c. Is f a composite number?
False
Suppose -4 = -j - 637. Let x = j - -986. Is x a prime number?
True
Let m = 2957 + -720. Is m prime?
True
Let x(l) be the third derivative of -9*l**4/8 + 5*l**3/6 + 6*l**2. Is x(-12) a composite number?
True
Suppose 2*r + 4*x - 104 = 112, -5*r = 2*x - 564. Suppose -27 = -2*d + 3*q + 55, 0 = 3*q + 12. Let o = r - d. Is o a composite number?
False
Let j = 731 - 436. Is j a composite number?
True
Let s = 14 + -7. Let n = 41 - s. Suppose 0*m - n = -m. Is m a prime number?
False
Is (-131)/(-7) - 8/(-28) a prime number?
True
Suppose 0 = -0*s + 2*s - 2498. Is s composite?
False
Suppose 5*i + 955 = 10700. Is i prime?
True
Let d(x) = 2*x**2 + 11*x + 10. Let y be d(-11). Let v = y - 12. Is v a composite number?
True
Suppose 2*d - 2 = k, 2*k + 3*k = -d + 23. Suppose 2*a - 4*z - 24 = 0, -3*a + d = a + z. Suppose 4*v - 157 = -4*p + v, 2*p = -a*v + 80. Is p a composite number?
False
Let z(u) = 86*u**3 - 2*u**2 - 3*u + 2. Let j(l) = 172*l**3 - 5*l**2 - 7*l + 5. Let d(q) = 2*j(q) - 5*z(q). Is d(-1) prime?
False
Let s = -13 + 21. Suppose h = -h + 4*t + 4, 4*h + 2*t - s = 0. Is h a prime number?
True
Let g = -4 - -39. Is g composite?
True
Suppose -2*w + 2*g + 2244 = 0, -3*w - 2*g = -g - 3346. Is w a composite number?
False
Let v(u) = 69*u - 6. Let z be v(4). Suppose -r = -4*l + 4*r + 351, 0 = 3*l + 3*r - z. Is l composite?
False
Suppose u = 5*d + 282, -5*u - 3*d = 194 - 1520. Suppose 0 = -l + 5*k - u, 3*l = 3*k - 583 - 158. Let x = 381 + l. Is x prime?
True
Let z = 68 - -81. Is z a composite number?
False
Let j be ((-24)/(-15))/(2/5). Suppose -j*a + 3740 = -0*a. Suppose 4*h = -f + 738, 4*h - a = -h + 5*f. Is h composite?
True
Suppose -2*r - 894 = -8*r. Is r prime?
True
Let y be 73 - 4*(-2)/(-4). Suppose n - y = -0*n. Is n a prime number?
True
Is 5/(-30) - (-1771)/6 prime?
False
Is 4*-1*430/(-40) composite?
False
Suppose -6*s + 467 = 65. Is s a prime number?
True
Let l = -294 - -847. Is l a composite number?
True
Let j(o) be the third derivative of 31*o**4/8 - 5*o**3/6 - o**2. Is j(6) a composite number?
True
Suppose -j + 1606 = 2*s + s, 2*s - 1067 = 3*j. Is s a prime number?
False
Is (-6 - -3) + 17 + 1 composite?
True
Let d be 2/(-5) + 66/(-10). Let q(y) = y + 2. Let b be q(-4). Is b/(-7) + (-152)/d a prime number?
False
Let q(x) be the first derivative of -x**3/3 + x**2/2 + 143*x - 1. Is q(0) prime?
False
Let q = -56 + 153. Is q composite?
False
Let s(z) = 2*z**2 + z. Suppose 0 = 3*t, 4*t + 1 = -k + 2*k. Let q be s(k). Suppose 3*r - 331 = -4*o, r - q*r = -10. Is o a composite number?
False
Suppose 0 = -m + 4*p - 12, 0 = 4*m - m + 2*p - 20. Suppose -m*